is the tens digit of v?
4
Let w be (2 + 0)/(2/(-26)). What is the units digit of (w/4)/(5/(-10))?
3
Suppose 3*h - 8*h = -3*c + 631, c - 4*h - 208 = 0. What is the units digit of c?
2
Let w(i) = 4*i + 1. What is the units digit of w(4)?
7
Let q(v) be the first derivative of -v**3/3 - 3*v**2 - 1. Suppose 5 = 67*m - 68*m. What is the units digit of q(m)?
5
Suppose 3*q = -6, p - 3*q + 6*q - 3 = 0. What is the units digit of ((-6)/p)/((-2)/15)?
5
Let y = 14 - 0. What is the tens digit of y?
1
Suppose 0 = 15*v - 20*v + 225. What is the tens digit of v?
4
What is the tens digit of ((-44)/(-55))/((-6)/(-105))?
1
Let f = 132 + 51. What is the hundreds digit of f?
1
Let s(v) = 2*v**3 - 2*v**2 - 3*v + 4. Let k be s(3). Let d = k - 100. What is the units digit of (-1)/(d/33 + 2)?
1
Let r(m) = -m**2 - 14*m - 19. What is the units digit of r(-6)?
9
Let r = 6 + -6. Suppose r = 3*t - 2 - 7. Suppose v = 2*j - 6*j + 18, -2*j = t*v - 14. What is the units digit of j?
4
Suppose 0 = -v - 4*b - 12, 0 = b - 2*b - 4. Suppose 5*c + 0*c + 123 = v*q, 66 = 3*q + 5*c. What is the units digit of q?
7
Let a be -4 + 2 + 4/(-2). Let f(n) = -n + 3. What is the units digit of f(a)?
7
Let p be (4/(-6))/((-4)/30). Suppose 0 = u - p, -55 = -5*s - 2*u. What is the units digit of s?
9
Suppose -5*o + 72 = -38. Let b = o - 11. What is the units digit of b?
1
Suppose 6*u + 115 = 3*m + 4*u, 4*u = m - 55. What is the units digit of m?
5
Suppose 3*u = 84 + 297. What is the units digit of u?
7
Let o = -10 + 24. Suppose 46 = 3*c - o. What is the units digit of c?
0
Let l = 7 + -4. Let c(s) = -4*s**3 - 6*s**2 + 7*s + 6. Let j(y) = -7*y**3 - 12*y**2 + 14*y + 12. Let t(m) = l*j(m) - 5*c(m). What is the units digit of t(-7)?
6
Let o = -27 - -45. What is the units digit of o?
8
Suppose 2*g - 120 = -2*g. What is the tens digit of g?
3
Suppose 4*b = 2*q, 3*q + 2*b + 24 = 7*q. What is the units digit of q?
8
Let f = -4 + 16. What is the units digit of f?
2
Let g be ((-4)/(-8))/(1/10). Let l = 0 + g. What is the units digit of l?
5
Let f = -49 - -83. What is the tens digit of f?
3
Let h(v) = -v**3 + v**2 + 129. What is the hundreds digit of h(0)?
1
Let z be -2 - (-3 - (-1 + -1)). What is the units digit of 2 - (z - (-1 + 2))?
4
Let k be ((-30)/(-25))/(4/170). Suppose 0 = 3*p - 3, 5*n - p + k - 15 = 0. What is the units digit of 2/n + 79/7?
1
Let f(u) be the third derivative of u**6/120 - 7*u**5/60 + 5*u**4/24 + 4*u**3/3 - u**2. Let k be f(6). Suppose q + k = 10. What is the units digit of q?
8
Suppose 0 = f + 5*m - 244, 2*f + 11 - 504 = -5*m. What is the tens digit of f/15 - (-4)/10?
1
Let n = -2 + 11. What is the units digit of n?
9
Let k be 3/6 - 23/(-2). Suppose 0 = -3*b + k + 15. Let h = -2 + b. What is the units digit of h?
7
Let z = -23 - -13. Let f = z + -2. Let u = 0 - f. What is the tens digit of u?
1
Suppose 0 = -3*a + 2*a + 3. Suppose 4*f + 42 = 3*g, -2*g - 6 = -f - 29. Suppose 0*i + g = -i + a*v, -4*v = -i - 14. What is the units digit of i?
2
Suppose 0 = -4*c + 10 + 2. Suppose c = -3*n - 3. What is the units digit of 54/(5 + n) - 3?
5
Let u(x) = -x**3 + 3*x**2 - x + 4. Let z be u(4). Let b = 25 + z. What is the units digit of b?
9
Suppose -17 = 3*q + 5*p, -4*q - p = 16 + 1. What is the tens digit of (-352)/(-20) + q/(-10)?
1
Let w(b) = 19*b - 76. What is the hundreds digit of w(18)?
2
Let l = 591 - 408. What is the units digit of l?
3
Suppose 3*s - 8*w + 9*w - 449 = 0, w + 296 = 2*s. What is the tens digit of s?
4
Let b be (-2)/7 + 246/(-21). What is the units digit of (-63)/b - (-2)/(-8)?
5
Let a(h) = -2*h**2 + 3*h + 3. Let v be a(-4). Let f = 58 + v. Suppose 2*r + 10 = 2*i, -i - r + f = -5*r. What is the units digit of i?
1
Suppose 3*w - 5*r = -0*w + 1, -w - 2*r = -4. Suppose 0 = w*j + 5*o + 11, -3*o - 39 = -2*j + 2*o. What is the units digit of j?
7
Suppose -5*w + 2*d = -0*w + 8, 3*d = 5*w + 7. Let x be (7/4)/(w/8). What is the units digit of 4/(-4)*x*1?
7
Let x = 12 - 2. Suppose -j = 2, -5*y + x + 7 = -j. What is the units digit of y?
3
Let a(o) = 35*o**2 + 1. What is the units digit of a(1)?
6
Let d(c) be the second derivative of 1/2*c**5 + 4*c - 1/12*c**4 + 0*c**3 + 0*c**2 + 0. What is the units digit of d(1)?
9
Let l be (-9)/(-6)*1*2. What is the tens digit of l/(-9) - 152/(-6)?
2
Let h(c) = -c**2 + 10*c - 5. Let v be h(10). Let d(i) = 2*i**2 - 7*i + 1. Let w be d(5). Let k = w + v. What is the tens digit of k?
1
Suppose -36 = 4*p + 12. Let g = 22 + p. What is the units digit of g?
0
Let l(h) = h**2 - 5*h + 3. Let y(a) = -a**2 - a + 6. Let x be y(0). What is the units digit of l(x)?
9
Let n = -1 - 25. What is the tens digit of n*(2 + -3)/1?
2
Let h(a) = -5*a**3 - a - 2. What is the units digit of h(-2)?
0
Suppose -2*o = -2*y - 172, 2*o - 3*y - 80 = 90. Suppose 5*v - o = v. Let u = -16 + v. What is the units digit of u?
6
Suppose 0 = -4*o - 2*x + 718, 0*o + 4*x - 893 = -5*o. What is the units digit of o?
1
Let r = 10 - 18. Let l be (-97)/(-4) + 2/r. Let f = -12 + l. What is the tens digit of f?
1
Let h = 8 - 5. Suppose -b = -5*j + 36, j - 9 = -b - h. What is the units digit of j?
7
Let i = -34 - -2. Let t = -16 - i. What is the units digit of t?
6
Let s(g) = g**2 + 3*g - 9. What is the tens digit of s(4)?
1
Suppose -4*z = -3*z + 9. What is the units digit of z/(-12)*(12 - 0)?
9
Suppose n - 4*l + 3 = -0*n, 5*n - 5*l = 15. Let p = n + 21. What is the units digit of p?
6
Let r(u) be the first derivative of u**3/3 + 2*u**2 + 5*u - 3. Let j be r(-4). Let h = j - -5. What is the tens digit of h?
1
Let p = 424 - 269. What is the tens digit of p?
5
Suppose 4*m = 2*m. Suppose m = 2*g + 2 - 18. What is the units digit of g?
8
Let a(s) = -3*s**3 + 2*s**2 - 3*s - 3. What is the units digit of a(-2)?
5
Let y = -12 - -7. Let n = 1 - y. What is the units digit of n?
6
Let c(u) = -u**2 + 30*u + 80. What is the hundreds digit of c(27)?
1
Let l(z) = -z + 23. What is the tens digit of l(11)?
1
Let j(a) = a**2 - 3 - 2 - 1 + 3*a. Let l be j(-5). Suppose -l*v = -18 - 14. What is the units digit of v?
8
Let h = 4 + 1. Suppose -6*y = -5*q - 5*y - 83, -2*q + h*y - 24 = 0. Let t = q + 26. What is the units digit of t?
9
Suppose 7*a - 4*a = 57. What is the units digit of a?
9
Let c(g) = g**2 - 12*g + 24. What is the units digit of c(10)?
4
Let x(c) = 2*c**2 + 4*c - 5. Let b be (-185)/35 + (-4)/(-14). What is the tens digit of x(b)?
2
Suppose 3*k + 2*k = 2*o + 412, 3*k - 5*o = 251. What is the tens digit of k?
8
Let y(j) = j**2 + 10*j + 5. Let f be y(-7). Let b be (-2)/6 + f/(-3). Suppose b*t - 40 + 10 = 0. What is the units digit of t?
6
Let n = 169 + -101. What is the units digit of n?
8
What is the tens digit of (-964)/(-22) + 4/22?
4
Suppose -2 = -y + 3. Suppose 2*w + y*a - 5 = 0, -4*w + a + 2*a + 75 = 0. What is the tens digit of w?
1
Let n(c) = -1 + 2*c + 2*c - 5 - 9. What is the units digit of n(6)?
9
Let s(c) = -7*c**3 + c**2 + c + 1. Let b be -2*((-1)/2 + 0). Suppose -4 + b = 3*a. What is the units digit of s(a)?
8
Let s(v) = -v + 1. Let r(d) = -2*d**2 - 2*d - 12. Let h(q) = -r(q) - 5*s(q). What is the units digit of h(-5)?
2
Let q = 293 - 201. What is the tens digit of q?
9
Let l be (-4)/(-6) - 28/6. Let k = -1 - l. Suppose 6 = k*h - 33. What is the tens digit of h?
1
What is the tens digit of ((-114)/12)/((-1)/6)?
5
Suppose -2 = -3*v + 4. Let m(n) = -n**2 + 4*n - 2. Let j be m(v). What is the units digit of 1/(3 - j)*4?
4
Let q(t) = -20*t + 1. Let y be q(1). Let a = y + 6. What is the tens digit of -2 + 2/((-2)/a)?
1
Let s(r) = -r**3 - 7*r**2 + r + 5. Let k be s(-7). What is the units digit of k/2*-7 + -3?
4
Suppose 4*o = -0*o - 3*h + 683, -2*h = -o + 157. What is the units digit of o?
7
Suppose -5*j + 6 = -9. Suppose -j*p - 40 = -118. Suppose -4 = -5*n + p. What is the units digit of n?
6
What is the units digit of (8/3)/(4/42)?
8
Let y = 208 - 199. What is the units digit of y?
9
Let p = 8 - 6. Let y(x) = 2*x**3 - 3*x**2 + 1. Let q be y(2). Suppose 3 + p = 4*a - q*z, a + 4*z = 17. What is the units digit of a?
5
Let w = -434 + 765. What is the units digit of w?
1
Let u = 74 - 29. What is the tens digit of u?
4
Let i be -20*(63/(-6))/7. Suppose 4*r - i = r. What is the tens digit of r?
1
Let l(u) = u - 8. Let g(h) = 5*h - 40. Let j(c) = 2*g(c) - 11*l(c). What is the units digit of j(6)?
2
Le